se -c = -5*s + 12. Suppose -2 = h - s. Let d(m) = -m**2 + 2*m + 1. Determine d(h).
1
Suppose 0 = -3*f - 5*m + 5, -2*f = -m - 2*m - 16. Let n(a) = a**2 - 6*a + 5. Calculate n(f).
0
Let b(r) = r**3 - 3*r**2 + r - 2. Let k be 3/(-1 + 21/12). Let l(j) = j**2 - 3*j + 1. Let q be l(3). Suppose -p + k - q = 0. Give b(p).
1
Let r(f) = f**3 + 5*f**2 - 5*f + 2. Let c(k) = k - 14. Suppose -2*b + 32 = 2*b. Let y be c(b). Calculate r(y).
-4
Suppose 0 = 2*f + i - 9, -5*f + 23 = 4*i - 2*i. Let v(g) = 5*g + 2 - f*g - 1 - g**2. Let s(o) = -o**3 - 6*o**2 - o - 6. Let z be s(-6). Determine v(z).
1
Let b(o) be the third derivative of 0*o**5 + 0 - 1/180*o**6 + 0*o - 2*o**2 - 1/3*o**3 + 1/12*o**4. Let t(z) be the first derivative of b(z). Determine t(-2).
-6
Let u(p) be the first derivative of -p**6/45 + p**5/60 - p**4/24 - 2*p**3/3 + 3. Let z(c) be the third derivative of u(c). Determine z(1).
-7
Let x = -2 + 9. Let a(h) = -x - h + h - h. Suppose t + 2*t = 0. What is a(t)?
-7
Let q(b) = -b**3 + b**2 + 2*b + 1. Suppose 2*l - n - 3*n = 12, 0 = 5*l - n + 15. Let p be -3*3*l/3. Let o be (-4)/(-3)*p/8. What is q(o)?
1
Let d(g) = 2*g**3 - 3*g**2 - 2*g - 7. Let u(v) = -3*v**3 + 6*v**2 + 3*v + 13. Let f = 8 - 13. Let y(z) = f*d(z) - 3*u(z). Calculate y(-4).
8
Let h(x) be the first derivative of x**3/6 + x**2 - 6*x - 1. Let v(y) be the first derivative of h(y). Determine v(2).
4
Let v(t) be the second derivative of t**5/20 + t**4/12 + t**3/6 - 3*t**2/2 + 2*t. Let k(d) = -d. Let b be k(-5). Let c(n) = n - 5. Let o be c(b). Give v(o).
-3
Let b(i) = -i - 4. Let y(a) = 4*a + 17. Let w(v) = -9*b(v) - 2*y(v). Calculate w(6).
8
Let w = 100 + -95. Let q(i) = -i**3 + 5*i**2 - 3*i + 3. What is q(w)?
-12
Let r(g) = g**3 - 7*g**2 - 6*g - 7. Let h be (16/(-12))/(-1 + (-5)/(-6)). Calculate r(h).
9
Let k(l) = -1. Let g(h) = h + 1. Let n(v) = -g(v) + 3*k(v). Let w be n(-4). Let f(z) = z + 4. Determine f(w).
4
Let t(a) = 2 + 0*a**3 + a + a**3 + 0*a**3 - 2*a**2. Let x be t(2). Suppose -2*k + 2*z = -4, -16 = x*k - 7*k + 5*z. Let g(r) = r**2 + 3*r - 4. What is g(k)?
-4
Suppose 5*y + 14 + 8 = -4*m, 0 = -m - 3. Let h = 0 - y. Let q(g) = -4*g**h - 2*g**2 + 1 + 0*g**2 + 2*g. Determine q(-1).
-7
Let f = 69 - 70. Let p(j) = 2*j**2 - 1. Give p(f).
1
Let w(v) be the third derivative of -v**6/120 + v**5/12 + 5*v**4/24 + v**3/6 - 43*v**2. Give w(6).
-5
Let g be (0/(-3))/2 - -5. Let m(z) = -6 - 4*z + 4*z**2 + 7*z - g*z**2. Give m(4).
-10
Suppose 4*n = -2*a - 4, 2*a - 4*n - 18 - 2 = 0. Let q(y) = y**3 - 4*y**2 - y + 4. Determine q(a).
0
Suppose 2*y = 12 + 22. Suppose t - y = 5*x, 0 = -4*x - 2*t + 6 - 14. Let b(j) be the second derivative of -j**4/6 - 5*j**3/6 - j**2 - 3*j. Give b(x).
-5
Suppose 3*m + 3*b - 3 = 21, 2*m - 2*b = -4. Suppose l - m*l - 2 = 0. Let o = -4 - l. Let w(d) = d**2 + 5*d + 3. Give w(o).
-3
Let z(k) = 3*k**2 + 25*k - 19. Let u(n) = -n**2 - 8*n + 6. Let l(w) = 7*u(w) + 2*z(w). Determine l(-6).
4
Let b(w) = 15*w + 1. Let o(c) = 7*c. Let s(z) = 6*b(z) - 13*o(z). Give s(6).
0
Let k be ((-1)/2)/((-3)/18). Let r(m) = -m + 3. Let f(l) = 4*l - 16. Let x(y) = k*f(y) + 16*r(y). Let i be -4 - (-3 - (-1)/1). Determine x(i).
8
Let o(u) = -2*u**2 - 5*u. Let h(l) = -4*l**2 - 10*l. Let w(q) = -6*h(q) + 13*o(q). Let d(p) = p**2 + p. Let t(s) = -d(s) - w(s). Calculate t(-5).
5
Suppose -12 = -f + 3*f. Let b(r) be the third derivative of -r**4/24 - 11*r**3/6 + 13*r**2. Give b(f).
-5
Let b(i) be the first derivative of -11/4*i**4 - 1/2*i**2 + 0*i**3 - 1 + i. Give b(1).
-11
Let n(s) be the first derivative of 2 + 2*s**2 - 1/4*s**4 + 6*s + 4/3*s**3. Suppose -2*o + 10 = -0*o. Calculate n(o).
1
Let a = -3 + 5. Let b(q) = 2*q. Let l be b(1). Let x(v) = 2*v - l*v**2 - 3 + 3*v**2 + 0*v. Give x(a).
5
Let l(g) be the second derivative of g**4/12 + g**3 - 11*g - 1. Give l(-8).
16
Let u be 4 + 2/(-4)*0. Let r(l) be the third derivative of 0*l - 4*l**2 + 1/2*l**3 + 0 + 1/60*l**5 - 5/24*l**4. Calculate r(u).
-1
Let i(n) be the third derivative of -n**6/120 + n**5/12 + n**4/24 + n**3 + 9*n**2. Give i(6).
-24
Let n(v) = v**3 - 8*v**2 + 7*v + 5. Suppose -o + 5*o = 20, -4*f + 48 = 4*o. Give n(f).
5
Let n(t) = 5*t**3 + 12*t**2 + 5*t - 4. Let y(h) = 4*h**3 + 11*h**2 + 4*h - 4. Let j(q) = 5*n(q) - 6*y(q). What is j(6)?
10
Suppose 2*i + 10 = -5*m, 7*i + 5 = -5*m + 4*i. Let w(l) = 5*l**2 - 3*l - 7. Let q(n) = n**2 - 1. Let g(b) = -6*q(b) + w(b). What is g(m)?
-5
Let y(i) = 3*i - 7. Let d(j) = -1 + 2 + 0. Let k(r) = 6*d(r) + y(r). Let l = -4 - -6. Give k(l).
5
Suppose 3*w + w - 12 = 0. Let x(o) = 5*o - w - 3*o - 4*o. Suppose 11*c - 25 = 16*c. What is x(c)?
7
Suppose 5*b = 6 + 4. Let v(c) = -5 + b - 4*c + c. Let o(d) = -2*d. Let z be o(1). Give v(z).
3
Suppose -20 = -0*k + 4*k. Let m = k - -6. Let g(a) = -6*a. Calculate g(m).
-6
Suppose 0 = 2*y - 4*c + 3*c, -10 = 4*y + 3*c. Let b(a) = -2*a + 5. Let r(q) = -4*q + 11. Let d(h) = -13*b(h) + 6*r(h). Determine d(y).
-1
Let o be 2*(3/6 + 0). Let b(g) = 4*g**3 - g**2. Let k be b(o). Let m = -5 + k. Let y(i) = i**2 - 3*i - 3. Give y(m).
7
Let q(l) = 8*l - 2*l**3 - l**3 + 4*l**3 + 7 + 7*l**2. Let m be 2/(-4 - -6)*-6. Determine q(m).
-5
Let v(c) = -2*c - 8. Let r(g) = -4*g + 12. Let m(h) = 3*h - 8. Let t(b) = -7*m(b) - 5*r(b). Let l(s) = -7*t(s) + 3*v(s). What is l(0)?
4
Let s(q) = 5*q + 2 - 3 + 3 - 3. What is s(-2)?
-11
Let q(z) = z**3 + 6*z**2 + z + 3. Let v be q(-6). Let j(u) = -u. Let i be j(v). Let t be (9 - 3/i)/2. Let k(r) = -r - 4. Calculate k(t).
-8
Let k(s) = 10*s + 9. Let t(y) = -5*y - 5. Let v(p) = -4*k(p) - 7*t(p). What is v(1)?
-6
Let z(q) = 2*q**2 + 5*q - 9. Let n(c) = c**2 + 3*c - 5. Let d(k) = -5*n(k) + 2*z(k). What is d(-6)?
1
Let h(j) = 2*j**2 + 7*j + 1. Let d(x) = x**2 + x - 1. Let y(f) = -3*d(f) + h(f). Suppose -10 = -3*l + l. Give y(l).
-1
Let g(z) = 3*z + 9. Let r be g(-6). Let h = r + 3. Let q(n) = n**2 + 4*n - 8. Let s be q(h). Let b(x) = x**2 - 2*x - 1. Give b(s).
7
Let z(v) = -2*v**3 + 6*v**2 + 4*v + 3. Let n(h) = -h**3 + h**2 - 1. Let g(c) = -n(c) + z(c). Determine g(6).
-8
Let s(l) = -6*l + 2. Let u(d) = d**3 - 4*d**2 + 6*d - 6. Let q be u(3). Calculate s(q).
-16
Let w(t) = 10*t + 22. Let a(d) = -4 - 3*d + 5 - 8. Suppose 0 = -2*n - 5*q + 9, 6*q - 2 = -n + q. Let x(j) = n*a(j) + 2*w(j). Give x(-4).
-1
Let u(t) = -t**3 + 2*t**2. Let g be u(2). Suppose 24 = -g*h - 3*h. Let s = h - -5. Let m(x) = x + 4. Determine m(s).
1
Let l(i) = -i**2 + i - 1. Let t(p) = -5*p**2 + 2*p - 2. Let h(c) = 6*l(c) - 3*t(c). Calculate h(-1).
9
Suppose -2*i = 3*h - 28, -2*i = h - 1 - 15. Suppose h*s = s + 40. Let b(d) = -2*d + 0 + s - 1 + 3*d. Give b(-5).
2
Let a(s) = 2*s**3 + 2*s**2 + 9*s - 11. Let r(h) = -h**3 + h**2 + 1. Let n(z) = a(z) + 3*r(z). What is n(6)?
10
Let w(s) be the second derivative of s**5/20 - 2*s**4/3 + s**3 - s**2 + 28*s. Determine w(7).
-9
Let a(l) be the third derivative of -l**6/120 + l**5/12 + 7*l**4/24 - l**3 + l**2. Let o be 20/25 - (-26)/5. Give a(o).
0
Let o(u) = -11*u**2 - 29*u + 25. Let t(l) = 5*l**2 + 14*l - 12. Let m(x) = -6*o(x) - 13*t(x). Let g(j) = 7*j**2 + 2*j + 1. Let r be g(-1). Give m(r).
-6
Let p(r) = -7*r. Suppose 2*x - 2 + 4 = 0. What is p(x)?
7
Let p(v) = -v**3 - 6*v**2 + 5*v - 8. Let l be (1/3)/1*-15. Let z(k) = k**3 + 5*k**2 - 7. Let h be z(l). Give p(h).
6
Let d(i) = i. Let r(n) = -n**3 - 3*n**2. Let k be r(-2). Let m be (-1)/2*0/(-1). Let x be m/((-2)/1 - k). What is d(x)?
0
Suppose 0 = -4*g + 2*g + 14. Let p(i) = 2*i - 10. Determine p(g).
4
Let o(t) = t**2 + 5*t - 7. Let i = -29 - -24. Give o(i).
-7
Let i(y) = -3*y + 1. Suppose -2 - 1 = x. Give i(x).
10
Let w(z) = z**2 + 8*z + 3. Suppose -5*f + 5*x - 55 = 0, -3*x + 2 = f - 3. Determine w(f).
-4
Let h be ((-4)/(-5))/(3/30). Let k(v) = -h*v - 3 + v**2 + 4*v + 0*v. Give k(5).
2
Let b(o) = -8*o**3 - o**2 + o + 1. Let t = 2 + 1. Let a = 0 - -4. Let g = t - a. What is b(g)?
7
Suppose 10*d - 2*d = -32. Let k(h) = -h**2 - 4*h - 4. What is k(d)?
-4
Let r(h) = h**2 + 3. Suppose 0 = 2*x - x + 3. What is r(x)?
12
Let u(w) = w**3 + 3*w**2 - 14*w - 13. Let d be u(-5). Let h(y) = -y**3 + 8*y**2 - 7*y - 8. What is h(d)?
-8
Let r be 1*((-20)/4 + 3). Suppose -d + 4*d = 15. Let b(y) = 4*y**2 - 2 - y - d*y**2 + y. Give b(r).
-6
Let k(s) = -9*s + 8 - 5 + 14*s. What is k(-2)?
-7
Let g(m) = 6*m - 1 - 8 + 0